{"id":111,"date":"2018-09-26T09:12:15","date_gmt":"2018-09-26T07:12:15","guid":{"rendered":"https:\/\/meganor.eu\/?page_id=111"},"modified":"2019-09-15T13:22:35","modified_gmt":"2019-09-15T11:22:35","slug":"alta-de-cliente","status":"publish","type":"page","link":"https:\/\/meganor.eu\/index.php\/alta-de-cliente\/","title":{"rendered":"ALTA DE CLIENTE"},"content":{"rendered":"<div id=\"pl-111\"  class=\"panel-layout\"><div id=\"pg-111-0\"  class=\"panel-grid panel-no-style\"><div id=\"pgc-111-0-0\"  class=\"panel-grid-cell\"><div id=\"panel-111-0-0-0\" class=\"so-panel widget widget_sow-editor panel-first-child panel-last-child\" data-index=\"0\"><div\n\t\t\t\n\t\t\tclass=\"so-widget-sow-editor so-widget-sow-editor-base\">\n<div class=\"siteorigin-widget-tinymce textwidget\">\n\t<p><img loading=\"lazy\" decoding=\"async\" class=\"aligncenter size-full wp-image-455\" src=\"https:\/\/meganor.eu\/wp-content\/uploads\/2019\/09\/HAZTE-CLIENTE.jpg\" alt=\"\" width=\"1280\" height=\"720\" srcset=\"https:\/\/meganor.eu\/wp-content\/uploads\/2019\/09\/HAZTE-CLIENTE.jpg 1280w, https:\/\/meganor.eu\/wp-content\/uploads\/2019\/09\/HAZTE-CLIENTE-300x169.jpg 300w, https:\/\/meganor.eu\/wp-content\/uploads\/2019\/09\/HAZTE-CLIENTE-768x432.jpg 768w, https:\/\/meganor.eu\/wp-content\/uploads\/2019\/09\/HAZTE-CLIENTE-1024x576.jpg 1024w\" sizes=\"auto, (max-width: 1280px) 100vw, 1280px\" \/><\/p>\n\n<div class=\"wpcf7 no-js\" id=\"wpcf7-f110-o1\" lang=\"es-ES\" dir=\"ltr\" data-wpcf7-id=\"110\">\n<div class=\"screen-reader-response\"><p role=\"status\" aria-live=\"polite\" aria-atomic=\"true\"><\/p> <ul><\/ul><\/div>\n<form action=\"\/index.php\/wp-json\/wp\/v2\/pages\/111#wpcf7-f110-o1\" method=\"post\" class=\"wpcf7-form init\" aria-label=\"Formulario de contacto\" enctype=\"multipart\/form-data\" novalidate=\"novalidate\" data-status=\"init\">\n<fieldset class=\"hidden-fields-container\"><input type=\"hidden\" name=\"_wpcf7\" value=\"110\" \/><input type=\"hidden\" name=\"_wpcf7_version\" value=\"6.1.5\" \/><input type=\"hidden\" name=\"_wpcf7_locale\" value=\"es_ES\" \/><input type=\"hidden\" name=\"_wpcf7_unit_tag\" value=\"wpcf7-f110-o1\" \/><input type=\"hidden\" name=\"_wpcf7_container_post\" value=\"0\" \/><input type=\"hidden\" name=\"_wpcf7_posted_data_hash\" value=\"\" \/>\n<\/fieldset>\n<p><label> Nombre y Apellidos(requerido)<br \/>\n<span class=\"wpcf7-form-control-wrap\" data-name=\"your-name\"><input size=\"40\" maxlength=\"400\" class=\"wpcf7-form-control wpcf7-text wpcf7-validates-as-required\" aria-required=\"true\" aria-invalid=\"false\" value=\"\" type=\"text\" name=\"your-name\" \/><\/span> <\/label><br \/>\n<label> Nombre de empresa (requerido)<br \/>\n<span class=\"wpcf7-form-control-wrap\" data-name=\"Nombredeempresa\"><input size=\"40\" maxlength=\"400\" class=\"wpcf7-form-control wpcf7-text wpcf7-validates-as-required\" aria-required=\"true\" aria-invalid=\"false\" value=\"\" type=\"text\" name=\"Nombredeempresa\" \/><\/span> <\/label>\n<\/p>\n<p><label> NIF \u00f3 CIF (requerido)<br \/>\n<span class=\"wpcf7-form-control-wrap\" data-name=\"Nif\"><input size=\"40\" maxlength=\"400\" class=\"wpcf7-form-control wpcf7-text wpcf7-validates-as-required\" aria-required=\"true\" aria-invalid=\"false\" value=\"\" type=\"text\" name=\"Nif\" \/><\/span> <\/label>\n<\/p>\n<p><label> Direcci\u00f3n completa, incluida poblaci\u00f3n, c\u00f3digo postal y provincia (requerido)<br \/>\n<span class=\"wpcf7-form-control-wrap\" data-name=\"Direccion\"><input size=\"40\" maxlength=\"400\" class=\"wpcf7-form-control wpcf7-text wpcf7-validates-as-required\" aria-required=\"true\" aria-invalid=\"false\" value=\"\" type=\"text\" name=\"Direccion\" \/><\/span><\/label>\n<\/p>\n<p><label> Correo electr\u00f3nico de contacto (requerido)<br \/>\n<span class=\"wpcf7-form-control-wrap\" data-name=\"your-email\"><input size=\"40\" maxlength=\"400\" class=\"wpcf7-form-control wpcf7-email wpcf7-validates-as-required wpcf7-text wpcf7-validates-as-email\" aria-required=\"true\" aria-invalid=\"false\" value=\"\" type=\"email\" name=\"your-email\" \/><\/span> <\/label>\n<\/p>\n<p><label> Tel\u00e9fono principal de contacto<br \/>\n<span class=\"wpcf7-form-control-wrap\" data-name=\"telefono1\"><input size=\"40\" maxlength=\"400\" class=\"wpcf7-form-control wpcf7-tel wpcf7-validates-as-required wpcf7-text wpcf7-validates-as-tel\" aria-required=\"true\" aria-invalid=\"false\" value=\"\" type=\"tel\" name=\"telefono1\" \/><\/span> <\/label>\n<\/p>\n<p><label> Tel\u00e9fono alternativo<br \/>\n<span class=\"wpcf7-form-control-wrap\" data-name=\"telefono2\"><input size=\"40\" maxlength=\"400\" class=\"wpcf7-form-control wpcf7-tel wpcf7-text wpcf7-validates-as-tel\" aria-invalid=\"false\" value=\"\" type=\"tel\" name=\"telefono2\" \/><\/span> <\/label>\n<\/p>\n<p><label> Asunto (requerido)<br \/>\n<span class=\"wpcf7-form-control-wrap\" data-name=\"your-subject\"><input size=\"40\" maxlength=\"400\" class=\"wpcf7-form-control wpcf7-text wpcf7-validates-as-required\" aria-required=\"true\" aria-invalid=\"false\" value=\"Solicitud de alta de cliente\" type=\"text\" name=\"your-subject\" \/><\/span> <\/label>\n<\/p>\n<p><label> Observaciones<br \/>\n<span class=\"wpcf7-form-control-wrap\" data-name=\"your-message\"><textarea cols=\"40\" rows=\"10\" maxlength=\"2000\" class=\"wpcf7-form-control wpcf7-textarea\" aria-invalid=\"false\" name=\"your-message\"><\/textarea><\/span> <\/label>\n<\/p>\n<p><label> De conformidad con lo que establece la legislaci\u00f3n vigente en materia de Protecci\u00f3n de Datos de Car\u00e1cter Personal, se le informa que los datos personales que nos facilite a trav\u00e9s de dicho formulario ser\u00e1n tratados por MEGANOR MATERIAL EL\u00c9CTRICO SL, con la finalidad de gestionar su solicitud y enviarle informaci\u00f3n m\u00e1s detallada. <\/label>\n<\/p>\n<p><span class=\"wpcf7-form-control-wrap\" data-name=\"acceptance-429\"><span class=\"wpcf7-form-control wpcf7-acceptance\"><span class=\"wpcf7-list-item\"><label><input type=\"checkbox\" name=\"acceptance-429\" value=\"1\" aria-invalid=\"false\" \/><span class=\"wpcf7-list-item-label\"><strong>He le\u00eddo y acepto la  <a href=\"https:\/\/meganor.eu\/index.php\/politica-de-privacidad\/\" target=\"_blank\">pol\u00edtica de privacidad.<\/a><\/strong><\/span><\/label><\/span><\/span><\/span>\n<\/p>\n<p><label> Adjunte documento justificante actividad (jpg, jpeg, tiff, pdf)<br \/>\n<span class=\"wpcf7-form-control-wrap\" data-name=\"Archivosadjuntos2\"><input size=\"40\" class=\"wpcf7-form-control wpcf7-file wpcf7-validates-as-required\" accept=\".pdf,.jpg,.jpeg,.tiff\" aria-required=\"true\" aria-invalid=\"false\" type=\"file\" name=\"Archivosadjuntos2\" \/><\/span><\/label>\n<\/p>\n<p>Complete esta operaci\u00f3n: <span class=\"wpcf7-form-control-wrap Completeestaoperacion\"><input size=\"2\" maxlength=\"2\" class=\"wpcf7-form-control wpcf7-mathcaptcha\" aria-required=\"true\" type=\"text\" name=\"Completeestaoperacion\" value=\"\" \/> + &#x37;&#x32; = 7&#53;<\/span><input type=\"hidden\" value=\"0\" name=\"Completeestaoperacion-sn\" \/>\n<\/p>\n<p><input class=\"wpcf7-form-control wpcf7-submit has-spinner\" type=\"submit\" value=\"Enviar\" \/>\n<\/p><div class=\"wpcf7-response-output\" aria-hidden=\"true\"><\/div>\n<\/form>\n<\/div>\n\n<p><\/p><\/div><\/div><\/div><\/div><\/div><\/div><p><a class=\"more-link\" href=\"https:\/\/meganor.eu\/index.php\/alta-de-cliente\/\">Leer m\u00e1s<span class=\"meta-nav\">&rarr;<\/span><\/a><\/p>","protected":false},"excerpt":{"rendered":"<p>Nombre y Apellidos(requerido) Nombre de empresa (requerido) NIF \u00f3 CIF (requerido) Direcci\u00f3n completa, incluida poblaci\u00f3n, c\u00f3digo postal y provincia (requerido) Correo electr\u00f3nico de contacto (requerido) Tel\u00e9fono principal de contacto Tel\u00e9fono alternativo Asunto (requerido) Observaciones De conformidad con lo que establece la legislaci\u00f3n vigente en materia de Protecci\u00f3n de Datos de Car\u00e1cter Personal, se le informa [&hellip;]<\/p>\n","protected":false},"author":1,"featured_media":0,"parent":0,"menu_order":0,"comment_status":"closed","ping_status":"closed","template":"","meta":{"_monsterinsights_skip_tracking":false,"_monsterinsights_sitenote_active":false,"_monsterinsights_sitenote_note":"","_monsterinsights_sitenote_category":0,"footnotes":""},"class_list":["post-111","page","type-page","status-publish","hentry","post"],"aioseo_notices":[],"_links":{"self":[{"href":"https:\/\/meganor.eu\/index.php\/wp-json\/wp\/v2\/pages\/111","targetHints":{"allow":["GET"]}}],"collection":[{"href":"https:\/\/meganor.eu\/index.php\/wp-json\/wp\/v2\/pages"}],"about":[{"href":"https:\/\/meganor.eu\/index.php\/wp-json\/wp\/v2\/types\/page"}],"author":[{"embeddable":true,"href":"https:\/\/meganor.eu\/index.php\/wp-json\/wp\/v2\/users\/1"}],"replies":[{"embeddable":true,"href":"https:\/\/meganor.eu\/index.php\/wp-json\/wp\/v2\/comments?post=111"}],"version-history":[{"count":5,"href":"https:\/\/meganor.eu\/index.php\/wp-json\/wp\/v2\/pages\/111\/revisions"}],"predecessor-version":[{"id":462,"href":"https:\/\/meganor.eu\/index.php\/wp-json\/wp\/v2\/pages\/111\/revisions\/462"}],"wp:attachment":[{"href":"https:\/\/meganor.eu\/index.php\/wp-json\/wp\/v2\/media?parent=111"}],"curies":[{"name":"wp","href":"https:\/\/api.w.org\/{rel}","templated":true}]}}